{"id":3,"date":"2021-11-12T13:37:47","date_gmt":"2021-11-12T13:37:47","guid":{"rendered":"http:\/\/localhost:8080\/thuy-san\/?page_id=3"},"modified":"2026-01-30T16:00:28","modified_gmt":"2026-01-30T09:00:28","slug":"chinh-sach-bao-mat","status":"publish","type":"page","link":"https:\/\/www.greenfeed.com.vn\/thuc-an-chan-nuoi-gia-suc-gia-cam\/chinh-sach-bao-mat\/","title":{"rendered":"Ch\u00ednh s\u00e1ch b\u1ea3o m\u1eadt"},"content":{"rendered":"<p><em>Ch\u00ednh s\u00e1ch b\u1ea3o m\u1eadt n\u00e0y m\u00f4 t\u1ea3 c\u00e1ch th\u1ee9c\u00a0<strong data-start=\"63\" data-end=\"83\">greenfeed.com.vn<\/strong>\u00a0(g\u1ecdi t\u1eaft l\u00e0 \u201cTrang web\u201d ho\u1eb7c \u201cch\u00fang t\u00f4i\u201d) thu th\u1eadp, s\u1eed d\u1ee5ng v\u00e0 chia s\u1ebb Th\u00f4ng Tin C\u00e1 Nh\u00e2n c\u1ee7a b\u1ea1n khi b\u1ea1n truy c\u1eadp ho\u1eb7c th\u1ef1c hi\u1ec7n li\u00ean h\u1ec7 t\u1eeb Trang web.<\/em><\/p>\n<h2 data-start=\"237\" data-end=\"267\">1. Thu th\u1eadp Th\u00f4ng Tin C\u00e1 Nh\u00e2n<\/h2>\n<p data-start=\"269\" data-end=\"822\">Khi b\u1ea1n truy c\u1eadp Trang web, ch\u00fang t\u00f4i thu th\u1eadp m\u1ed9t s\u1ed1 th\u00f4ng tin v\u1ec1 thi\u1ebft b\u1ecb c\u1ee7a b\u1ea1n, c\u00e1ch b\u1ea1n t\u01b0\u01a1ng t\u00e1c v\u1edbi Trang web v\u00e0 th\u00f4ng tin c\u1ea7n thi\u1ebft \u0111\u1ec3 x\u1eed l\u00fd c\u00e1c y\u00eau c\u1ea7u c\u1ee7a b\u1ea1n. Ch\u00fang t\u00f4i c\u0169ng c\u00f3 th\u1ec3 thu th\u1eadp th\u00eam th\u00f4ng tin n\u1ebfu b\u1ea1n li\u00ean h\u1ec7 v\u1edbi ch\u00fang t\u00f4i \u0111\u1ec3 h\u1ed7 tr\u1ee3 kh\u00e1ch h\u00e0ng. Trong Ch\u00ednh S\u00e1ch B\u1ea3o M\u1eadt n\u00e0y, ch\u00fang t\u00f4i g\u1ecdi b\u1ea5t k\u1ef3 th\u00f4ng tin n\u00e0o c\u00f3 th\u1ec3 nh\u1eadn di\u1ec7n duy nh\u1ea5t m\u1ed9t c\u00e1 nh\u00e2n (bao g\u1ed3m c\u00e1c th\u00f4ng tin d\u01b0\u1edbi \u0111\u00e2y) l\u00e0 \u201cTh\u00f4ng Tin C\u00e1 Nh\u00e2n\u201d. Xem danh s\u00e1ch d\u01b0\u1edbi \u0111\u00e2y \u0111\u1ec3 bi\u1ebft th\u00eam th\u00f4ng tin v\u1ec1 nh\u1eefng Th\u00f4ng Tin C\u00e1 Nh\u00e2n m\u00e0 ch\u00fang t\u00f4i thu th\u1eadp v\u00e0 l\u00fd do thu th\u1eadp.<\/p>\n<h3 data-start=\"824\" data-end=\"846\">Th\u00f4ng tin thi\u1ebft b\u1ecb<\/h3>\n<ul>\n<li data-start=\"848\" data-end=\"1385\"><strong>V\u00ed d\u1ee5 v\u1ec1 Th\u00f4ng Tin C\u00e1 Nh\u00e2n thu th\u1eadp:<\/strong>\u00a0phi\u00ean b\u1ea3n tr\u00ecnh duy\u1ec7t web, \u0111\u1ecba ch\u1ec9 IP, m\u00fai gi\u1edd, th\u00f4ng tin cookie, c\u00e1c trang web ho\u1eb7c s\u1ea3n ph\u1ea9m b\u1ea1n xem, t\u1eeb kh\u00f3a t\u00ecm ki\u1ebfm v\u00e0 c\u00e1ch b\u1ea1n t\u01b0\u01a1ng t\u00e1c v\u1edbi Trang web.<\/li>\n<li data-start=\"848\" data-end=\"1385\"><strong>M\u1ee5c \u0111\u00edch thu th\u1eadp:<\/strong>\u00a0\u0111\u1ec3 t\u1ea3i Trang web m\u1ed9t c\u00e1ch ch\u00ednh x\u00e1c cho b\u1ea1n v\u00e0 th\u1ef1c hi\u1ec7n ph\u00e2n t\u00edch vi\u1ec7c s\u1eed d\u1ee5ng Trang web \u0111\u1ec3 t\u1ed1i \u01b0u h\u00f3a Trang web c\u1ee7a ch\u00fang t\u00f4i.<\/li>\n<li data-start=\"848\" data-end=\"1385\"><strong>Ngu\u1ed3n thu th\u1eadp:<\/strong>\u00a0Thu th\u1eadp t\u1ef1 \u0111\u1ed9ng khi b\u1ea1n truy c\u1eadp Trang web c\u1ee7a ch\u00fang t\u00f4i th\u00f4ng qua cookie, th\u1ebb ho\u1eb7c pixel.<\/li>\n<\/ul>\n<h3 data-start=\"2148\" data-end=\"2179\">Th\u00f4ng tin h\u1ed7 tr\u1ee3 kh\u00e1ch h\u00e0ng<\/h3>\n<ul>\n<li data-start=\"2181\" data-end=\"2407\"><strong>V\u00ed d\u1ee5 v\u1ec1 Th\u00f4ng Tin C\u00e1 Nh\u00e2n thu th\u1eadp:<\/strong>\u00a0\u0110\u1ecba ch\u1ec9 email, t\u00ean, n\u1ed9i dung li\u00ean h\u1ec7 h\u1ed7 tr\u1ee3.<\/li>\n<li data-start=\"2181\" data-end=\"2407\"><strong>M\u1ee5c \u0111\u00edch thu th\u1eadp:<\/strong>\u00a0cung c\u1ea5p h\u1ed7 tr\u1ee3 kh\u00e1ch h\u00e0ng.<\/li>\n<\/ul>\n<h2 data-start=\"2409\" data-end=\"2438\">2. Chia s\u1ebb Th\u00f4ng Tin C\u00e1 Nh\u00e2n<\/h2>\n<p data-start=\"2440\" data-end=\"2610\">Ch\u00fang t\u00f4i chia s\u1ebb Th\u00f4ng Tin C\u00e1 Nh\u00e2n c\u1ee7a b\u1ea1n v\u1edbi c\u00e1c nh\u00e0 cung c\u1ea5p d\u1ecbch v\u1ee5 \u0111\u1ec3 gi\u00fap ch\u00fang t\u00f4i cung c\u1ea5p d\u1ecbch v\u1ee5 v\u00e0 th\u1ef1c hi\u1ec7n c\u00e1c h\u1ee3p \u0111\u1ed3ng v\u1edbi b\u1ea1n, nh\u01b0 \u0111\u00e3 m\u00f4 t\u1ea3 \u1edf tr\u00ean. V\u00ed d\u1ee5:<\/p>\n<p data-start=\"2612\" data-end=\"2898\">Ch\u00fang t\u00f4i c\u00f3 th\u1ec3 chia s\u1ebb Th\u00f4ng Tin C\u00e1 Nh\u00e2n c\u1ee7a b\u1ea1n \u0111\u1ec3 tu\u00e2n th\u1ee7 c\u00e1c lu\u1eadt v\u00e0 quy \u0111\u1ecbnh hi\u1ec7n h\u00e0nh, \u0111\u1ec3 ph\u1ea3n h\u1ed3i y\u00eau c\u1ea7u h\u1ee3p ph\u00e1p, l\u1ec7nh kh\u00e1m x\u00e9t ho\u1eb7c y\u00eau c\u1ea7u th\u00f4ng tin h\u1ee3p ph\u00e1p kh\u00e1c m\u00e0 ch\u00fang t\u00f4i nh\u1eadn \u0111\u01b0\u1ee3c, ho\u1eb7c \u0111\u1ec3 b\u1ea3o v\u1ec7 quy\u1ec1n l\u1ee3i c\u1ee7a ch\u00fang t\u00f4i.<\/p>\n<p data-start=\"2612\" data-end=\"2898\">Ch\u00fang t\u00f4i s\u1eed d\u1ee5ng c\u00e1c d\u1ecbch v\u1ee5 b\u1ed5 sung sau:<\/p>\n<ul data-start=\"2899\" data-end=\"3000\">\n<li data-start=\"2899\" data-end=\"2945\"><strong data-start=\"2901\" data-end=\"2917\">Facebook Ads<\/strong>:\u00a0<a href=\"https:\/\/www.facebook.com\/\" target=\"_blank\" rel=\"nofollow noopener\" data-start=\"2919\" data-end=\"2943\">https:\/\/www.facebook.com<\/a><\/li>\n<li data-start=\"2899\" data-end=\"2945\"><strong>Google Ads:\u00a0<\/strong><a href=\"https:\/\/www.google.com\/\" target=\"_blank\" rel=\"nofollow noopener\">https:\/\/www.google.com<\/a><\/li>\n<li data-start=\"2946\" data-end=\"3000\"><strong data-start=\"2948\" data-end=\"2974\">Mailjet Email Platform<\/strong>:\u00a0<a href=\"https:\/\/www.mailjet.com\/\" target=\"_blank\" rel=\"nofollow noopener\" data-start=\"2976\" data-end=\"3000\">https:\/\/www.mailjet.com<\/a><\/li>\n<\/ul>\n<h2 data-start=\"3002\" data-end=\"3023\">3. Qu\u1ea3ng c\u00e1o theo h\u00e0nh vi<\/h2>\n<p data-start=\"3025\" data-end=\"3198\">Nh\u01b0 \u0111\u00e3 m\u00f4 t\u1ea3 \u1edf tr\u00ean, ch\u00fang t\u00f4i s\u1eed d\u1ee5ng Th\u00f4ng Tin C\u00e1 Nh\u00e2n c\u1ee7a b\u1ea1n \u0111\u1ec3 cung c\u1ea5p qu\u1ea3ng c\u00e1o m\u1ee5c ti\u00eau ho\u1eb7c c\u00e1c th\u00f4ng \u0111i\u1ec7p marketing m\u00e0 ch\u00fang t\u00f4i tin c\u00f3 th\u1ec3 h\u1eefu \u00edch cho b\u1ea1n. V\u00ed d\u1ee5:<\/p>\n<ul>\n<li data-start=\"3200\" data-end=\"4269\">Ch\u00fang t\u00f4i s\u1eed d\u1ee5ng Google Analytics \u0111\u1ec3 gi\u00fap ch\u00fang t\u00f4i hi\u1ec3u c\u00e1ch kh\u00e1ch h\u00e0ng c\u1ee7a ch\u00fang t\u00f4i s\u1eed d\u1ee5ng Trang web. B\u1ea1n c\u00f3 th\u1ec3 \u0111\u1ecdc th\u00eam v\u1ec1 c\u00e1ch Google s\u1eed d\u1ee5ng Th\u00f4ng Tin C\u00e1 Nh\u00e2n c\u1ee7a b\u1ea1n t\u1ea1i \u0111\u00e2y:\u00a0<a href=\"https:\/\/policies.google.com\/privacy?hl=vi\" target=\"_blank\" rel=\"nofollow noopener\" data-start=\"3385\" data-end=\"3426\">https:\/\/policies.google.com\/privacy?hl=vi<\/a>. B\u1ea1n c\u0169ng c\u00f3 th\u1ec3 ch\u1ecdn kh\u00f4ng tham gia Google Analytics t\u1ea1i \u0111\u00e2y:\u00a0<a href=\"https:\/\/tools.google.com\/dlpage\/gaoptout\" target=\"_blank\" rel=\"nofollow noopener\" data-start=\"3490\" data-end=\"3530\">https:\/\/tools.google.com\/dlpage\/gaoptout<\/a>.<\/li>\n<li data-start=\"3200\" data-end=\"4269\">Ch\u00fang t\u00f4i chia s\u1ebb th\u00f4ng tin v\u1ec1 vi\u1ec7c b\u1ea1n s\u1eed d\u1ee5ng Trang web, c\u00e1c th\u00f4ng tin c\u1ee7a b\u1ea1n v\u00e0 c\u00e1ch b\u1ea1n t\u01b0\u01a1ng t\u00e1c v\u1edbi qu\u1ea3ng c\u00e1o c\u1ee7a ch\u00fang t\u00f4i tr\u00ean c\u00e1c trang web kh\u00e1c v\u1edbi c\u00e1c \u0111\u1ed1i t\u00e1c qu\u1ea3ng c\u00e1o c\u1ee7a ch\u00fang t\u00f4i. Ch\u00fang t\u00f4i thu th\u1eadp v\u00e0 chia s\u1ebb m\u1ed9t s\u1ed1 th\u00f4ng tin n\u00e0y tr\u1ef1c ti\u1ebfp v\u1edbi c\u00e1c \u0111\u1ed1i t\u00e1c qu\u1ea3ng c\u00e1o v\u00e0 trong m\u1ed9t s\u1ed1 tr\u01b0\u1eddng h\u1ee3p qua vi\u1ec7c s\u1eed d\u1ee5ng cookie ho\u1eb7c c\u00e1c c\u00f4ng ngh\u1ec7 t\u01b0\u01a1ng t\u1ef1 (m\u00e0 b\u1ea1n c\u00f3 th\u1ec3 \u0111\u1ed3ng \u00fd, t\u00f9y v\u00e0o v\u1ecb tr\u00ed c\u1ee7a b\u1ea1n).<\/li>\n<li data-start=\"3200\" data-end=\"4269\">Ch\u00fang t\u00f4i s\u1eed d\u1ee5ng\u00a0<strong data-start=\"3973\" data-end=\"3997\">Facebook Advertising, Google Advertising<\/strong>\u00a0\u0111\u1ec3 gi\u00fap ch\u00fang t\u00f4i hi\u1ec3u c\u00e1ch kh\u00e1ch h\u00e0ng c\u1ee7a ch\u00fang t\u00f4i s\u1eed d\u1ee5ng Trang web. Ch\u00fang t\u00f4i c\u0169ng tham gia v\u00e0o qu\u1ea3ng c\u00e1o m\u1ee5c ti\u00eau qua n\u1ec1n t\u1ea3ng n\u00e0y.<\/li>\n<li data-start=\"3200\" data-end=\"4269\">Ch\u00fang t\u00f4i s\u1eed d\u1ee5ng\u00a0<strong data-start=\"4155\" data-end=\"4166\">Mailjet<\/strong>\u00a0\u0111\u1ec3 gi\u00fap ch\u00fang t\u00f4i hi\u1ec3u c\u00e1ch kh\u00e1ch h\u00e0ng c\u1ee7a ch\u00fang t\u00f4i s\u1eed d\u1ee5ng d\u1ecbch v\u1ee5 email v\u00e0 trang web c\u1ee7a ch\u00fang t\u00f4i.<\/li>\n<\/ul>\n<p data-start=\"4271\" data-end=\"4502\">\u0110\u1ec3 bi\u1ebft th\u00eam th\u00f4ng tin v\u1ec1 c\u00e1ch qu\u1ea3ng c\u00e1o m\u1ee5c ti\u00eau ho\u1ea1t \u0111\u1ed9ng, b\u1ea1n c\u00f3 th\u1ec3 truy c\u1eadp trang gi\u00e1o d\u1ee5c c\u1ee7a\u00a0<strong data-start=\"4371\" data-end=\"4405\">Network Advertising Initiative<\/strong>\u00a0(\u201cNAI\u201d).<\/p>\n<p data-start=\"4504\" data-end=\"4552\">B\u1ea1n c\u00f3 th\u1ec3 t\u1eeb ch\u1ed1i qu\u1ea3ng c\u00e1o m\u1ee5c ti\u00eau b\u1eb1ng c\u00e1ch:<\/p>\n<ul data-start=\"4554\" data-end=\"4674\">\n<li data-start=\"4554\" data-end=\"4613\"><strong data-start=\"4556\" data-end=\"4568\">FACEBOOK<\/strong>\u00a0\u2013\u00a0<a href=\"https:\/\/www.facebook.com\/settings\/?tab=ads\" target=\"_blank\" rel=\"nofollow noopener\" data-start=\"4571\" data-end=\"4613\">https:\/\/www.facebook.com\/settings\/?tab=ads<\/a><\/li>\n<li data-start=\"4614\" data-end=\"4674\"><strong data-start=\"4616\" data-end=\"4626\">GOOGLE<\/strong>\u00a0\u2013\u00a0<a href=\"https:\/\/www.google.com\/settings\/ads\/anonymous\" target=\"_blank\" rel=\"nofollow noopener\" data-start=\"4629\" data-end=\"4674\">https:\/\/www.google.com\/settings\/ads\/anonymous<\/a><\/li>\n<\/ul>\n<h3 data-start=\"4829\" data-end=\"4858\"><em>S\u1eed d\u1ee5ng Th\u00f4ng Tin C\u00e1 Nh\u00e2n<\/em><\/h3>\n<p data-start=\"4860\" data-end=\"5086\"><em>Ch\u00fang t\u00f4i s\u1eed d\u1ee5ng Th\u00f4ng Tin C\u00e1 Nh\u00e2n c\u1ee7a b\u1ea1n \u0111\u1ec3 cung c\u1ea5p d\u1ecbch v\u1ee5 cho b\u1ea1n, bao g\u1ed3m: cung c\u1ea5p s\u1ea3n ph\u1ea9m \u0111\u1ec3 b\u00e1n, x\u1eed l\u00fd thanh to\u00e1n, giao h\u00e0ng v\u00e0 ho\u00e0n t\u1ea5t \u0111\u01a1n h\u00e0ng c\u1ee7a b\u1ea1n, v\u00e0 gi\u1eef cho b\u1ea1n c\u1eadp nh\u1eadt c\u00e1c s\u1ea3n ph\u1ea9m, d\u1ecbch v\u1ee5 v\u00e0 \u01b0u \u0111\u00e3i m\u1edbi.<\/em><\/p>\n<h3 data-start=\"5088\" data-end=\"5106\">C\u01a1 s\u1edf h\u1ee3p ph\u00e1p<\/h3>\n<p data-start=\"5108\" data-end=\"5278\"><strong>Theo Quy \u0111\u1ecbnh B\u1ea3o v\u1ec7 D\u1eef li\u1ec7u Chung (\u201cGDPR\u201d), n\u1ebfu b\u1ea1n l\u00e0 c\u01b0 d\u00e2n c\u1ee7a Khu v\u1ef1c Kinh t\u1ebf Ch\u00e2u \u00c2u (\u201cEEA\u201d), ch\u00fang t\u00f4i x\u1eed l\u00fd Th\u00f4ng Tin C\u00e1 Nh\u00e2n c\u1ee7a b\u1ea1n theo c\u00e1c c\u01a1 s\u1edf h\u1ee3p ph\u00e1p sau:<\/strong><\/p>\n<ul data-start=\"5280\" data-end=\"5571\">\n<li data-start=\"5280\" data-end=\"5300\"><strong>S\u1ef1 \u0111\u1ed3ng \u00fd c\u1ee7a b\u1ea1n;<\/strong><\/li>\n<li data-start=\"5301\" data-end=\"5344\"><strong>Th\u1ef1c hi\u1ec7n h\u1ee3p \u0111\u1ed3ng gi\u1eefa b\u1ea1n v\u00e0 Trang web;<\/strong><\/li>\n<li data-start=\"5345\" data-end=\"5391\"><strong>Tu\u00e2n th\u1ee7 c\u00e1c ngh\u0129a v\u1ee5 ph\u00e1p l\u00fd c\u1ee7a ch\u00fang t\u00f4i;<\/strong><\/li>\n<li data-start=\"5392\" data-end=\"5432\"><strong>\u0110\u1ec3 b\u1ea3o v\u1ec7 quy\u1ec1n l\u1ee3i thi\u1ebft y\u1ebfu c\u1ee7a b\u1ea1n;<\/strong><\/li>\n<li data-start=\"5433\" data-end=\"5481\"><strong>\u0110\u1ec3 th\u1ef1c hi\u1ec7n nhi\u1ec7m v\u1ee5 trong l\u1ee3i \u00edch c\u00f4ng c\u1ed9ng;<\/strong><\/li>\n<li data-start=\"5482\" data-end=\"5571\"><strong>V\u00ec l\u1ee3i \u00edch h\u1ee3p ph\u00e1p c\u1ee7a ch\u00fang t\u00f4i, kh\u00f4ng l\u00e0m t\u1ed5n h\u1ea1i \u0111\u1ebfn quy\u1ec1n v\u00e0 t\u1ef1 do c\u01a1 b\u1ea3n c\u1ee7a b\u1ea1n.<\/strong><\/li>\n<\/ul>\n<h3 data-start=\"5573\" data-end=\"5584\">L\u01b0u tr\u1eef<\/h3>\n<p data-start=\"5586\" data-end=\"5851\"><em>Khi b\u1ea1n \u0111\u1ec3 l\u1ea1i th\u00f4ng tin qua Trang web, ch\u00fang t\u00f4i s\u1ebd gi\u1eef Th\u00f4ng Tin C\u00e1 Nh\u00e2n c\u1ee7a b\u1ea1n cho h\u1ed3 s\u01a1 c\u1ee7a ch\u00fang t\u00f4i tr\u1eeb khi v\u00e0 cho \u0111\u1ebfn khi b\u1ea1n y\u00eau c\u1ea7u ch\u00fang t\u00f4i x\u00f3a th\u00f4ng tin n\u00e0y. \u0110\u1ec3 bi\u1ebft th\u00eam th\u00f4ng tin v\u1ec1 quy\u1ec1n x\u00f3a d\u1eef li\u1ec7u c\u1ee7a b\u1ea1n, vui l\u00f2ng tham kh\u1ea3o ph\u1ea7n \u2018Quy\u1ec1n c\u1ee7a b\u1ea1n\u2019 d\u01b0\u1edbi \u0111\u00e2y.<\/em><\/p>\n<h3 data-start=\"5853\" data-end=\"5875\">Quy\u1ebft \u0111\u1ecbnh t\u1ef1 \u0111\u1ed9ng<\/h3>\n<p data-start=\"5877\" data-end=\"6071\"><em>N\u1ebfu b\u1ea1n l\u00e0 c\u01b0 d\u00e2n c\u1ee7a EEA, b\u1ea1n c\u00f3 quy\u1ec1n ph\u1ea3n \u0111\u1ed1i vi\u1ec7c x\u1eed l\u00fd ch\u1ec9 d\u1ef1a tr\u00ean quy\u1ebft \u0111\u1ecbnh t\u1ef1 \u0111\u1ed9ng (bao g\u1ed3m ph\u00e2n t\u00edch), khi quy\u1ebft \u0111\u1ecbnh \u0111\u00f3 c\u00f3 t\u00e1c \u0111\u1ed9ng ph\u00e1p l\u00fd \u0111\u1ed1i v\u1edbi b\u1ea1n ho\u1eb7c \u1ea3nh h\u01b0\u1edfng \u0111\u00e1ng k\u1ec3 \u0111\u1ebfn b\u1ea1n.<\/em><\/p>\n<p data-start=\"6073\" data-end=\"6225\"><em>Ch\u00fang t\u00f4i kh\u00f4ng th\u1ef1c hi\u1ec7n c\u00e1c quy\u1ebft \u0111\u1ecbnh t\u1ef1 \u0111\u1ed9ng ho\u00e0n to\u00e0n c\u00f3 t\u00e1c \u0111\u1ed9ng ph\u00e1p l\u00fd ho\u1eb7c \u1ea3nh h\u01b0\u1edfng \u0111\u00e1ng k\u1ec3 kh\u00e1c \u0111\u1ebfn b\u1ea1n b\u1eb1ng c\u00e1ch s\u1eed d\u1ee5ng d\u1eef li\u1ec7u kh\u00e1ch h\u00e0ng.<\/em><\/p>\n<p data-start=\"6393\" data-end=\"6442\"><em>C\u00e1c d\u1ecbch v\u1ee5 c\u00f3 y\u1ebfu t\u1ed1 quy\u1ebft \u0111\u1ecbnh t\u1ef1 \u0111\u1ed9ng bao g\u1ed3m:<\/em><\/p>\n<ul data-start=\"6444\" data-end=\"6724\">\n<li data-start=\"6444\" data-end=\"6589\">Danh s\u00e1ch t\u1eeb ch\u1ed1i t\u1ea1m th\u1eddi c\u1ee7a c\u00e1c \u0111\u1ecba ch\u1ec9 IP li\u00ean quan \u0111\u1ebfn c\u00e1c giao d\u1ecbch kh\u00f4ng th\u00e0nh c\u00f4ng l\u1eb7p l\u1ea1i. Danh s\u00e1ch n\u00e0y t\u1ed3n t\u1ea1i trong m\u1ed9t s\u1ed1 gi\u1edd.<\/li>\n<li data-start=\"6590\" data-end=\"6724\">Danh s\u00e1ch t\u1eeb ch\u1ed1i t\u1ea1m th\u1eddi c\u1ee7a th\u00f4ng tin c\u00e1 nh\u00e2n li\u00ean quan \u0111\u1ebfn c\u00e1c \u0111\u1ecba ch\u1ec9 IP \u0111\u00e3 b\u1ecb t\u1eeb ch\u1ed1i. Danh s\u00e1ch n\u00e0y t\u1ed3n t\u1ea1i trong m\u1ed9t s\u1ed1 ng\u00e0y.<\/li>\n<\/ul>\n<h3 data-start=\"6726\" data-end=\"6743\">Quy\u1ec1n c\u1ee7a b\u1ea1n<\/h3>\n<h4 data-start=\"6745\" data-end=\"6753\">GDPR<\/h4>\n<p data-start=\"6755\" data-end=\"7048\"><em>N\u1ebfu b\u1ea1n l\u00e0 c\u01b0 d\u00e2n c\u1ee7a EEA, b\u1ea1n c\u00f3 quy\u1ec1n truy c\u1eadp Th\u00f4ng Tin C\u00e1 Nh\u00e2n m\u00e0 ch\u00fang t\u00f4i l\u01b0u gi\u1eef v\u1ec1 b\u1ea1n, chuy\u1ec3n \u0111\u1ed5i n\u00f3 sang d\u1ecbch v\u1ee5 m\u1edbi, v\u00e0 y\u00eau c\u1ea7u s\u1eeda \u0111\u1ed5i, c\u1eadp nh\u1eadt ho\u1eb7c x\u00f3a Th\u00f4ng Tin C\u00e1 Nh\u00e2n c\u1ee7a b\u1ea1n. N\u1ebfu b\u1ea1n mu\u1ed1n th\u1ef1c hi\u1ec7n c\u00e1c quy\u1ec1n n\u00e0y, vui l\u00f2ng li\u00ean h\u1ec7 v\u1edbi ch\u00fang t\u00f4i qua th\u00f4ng tin li\u00ean h\u1ec7 d\u01b0\u1edbi \u0111\u00e2y.<\/em><\/p>\n<p data-start=\"7050\" data-end=\"7207\"><em>Th\u00f4ng Tin C\u00e1 Nh\u00e2n c\u1ee7a b\u1ea1n s\u1ebd \u0111\u01b0\u1ee3c x\u1eed l\u00fd ban \u0111\u1ea7u t\u1ea1i Ireland v\u00e0 sau \u0111\u00f3 s\u1ebd \u0111\u01b0\u1ee3c chuy\u1ec3n ra ngo\u00e0i Ch\u00e2u \u00c2u \u0111\u1ec3 l\u01b0u tr\u1eef v\u00e0 x\u1eed l\u00fd th\u00eam, bao g\u1ed3m \u0111\u1ebfn Canada v\u00e0 Hoa K\u1ef3.<\/em><\/p>\n<h4 data-start=\"7209\" data-end=\"7217\">CCPA<\/h4>\n<p data-start=\"7219\" data-end=\"7632\"><em>N\u1ebfu b\u1ea1n l\u00e0 c\u01b0 d\u00e2n c\u1ee7a California, b\u1ea1n c\u00f3 quy\u1ec1n truy c\u1eadp Th\u00f4ng Tin C\u00e1 Nh\u00e2n m\u00e0 ch\u00fang t\u00f4i l\u01b0u gi\u1eef v\u1ec1 b\u1ea1n (c\u00f2n g\u1ecdi l\u00e0 \u2018Quy\u1ec1n Bi\u1ebft\u2019), chuy\u1ec3n \u0111\u1ed5i n\u00f3 sang d\u1ecbch v\u1ee5 m\u1edbi, v\u00e0 y\u00eau c\u1ea7u s\u1eeda \u0111\u1ed5i, c\u1eadp nh\u1eadt ho\u1eb7c x\u00f3a Th\u00f4ng Tin C\u00e1 Nh\u00e2n c\u1ee7a b\u1ea1n. N\u1ebfu b\u1ea1n mu\u1ed1n th\u1ef1c hi\u1ec7n c\u00e1c quy\u1ec1n n\u00e0y, vui l\u00f2ng li\u00ean h\u1ec7 v\u1edbi ch\u00fang t\u00f4i qua th\u00f4ng tin email\u00a0<a href=\"mailto:info@greenfeed.com.vn\">info@greenfeed.com.vn<\/a><\/em><\/p>\n<p data-start=\"7634\" data-end=\"7762\"><em>N\u1ebfu b\u1ea1n mu\u1ed1n ch\u1ec9 \u0111\u1ecbnh m\u1ed9t \u0111\u1ea1i l\u00fd \u1ee7y quy\u1ec1n \u0111\u1ec3 g\u1eedi c\u00e1c y\u00eau c\u1ea7u n\u00e0y thay b\u1ea1n, vui l\u00f2ng li\u00ean h\u1ec7 v\u1edbi ch\u00fang t\u00f4i theo \u0111\u1ecba ch\u1ec9 email \u1edf tr\u00ean.<\/em><\/p>\n<h4 data-start=\"7764\" data-end=\"7774\">Cookie<\/h4>\n<p data-start=\"7776\" data-end=\"8482\"><em>Cookie l\u00e0 m\u1ed9t l\u01b0\u1ee3ng th\u00f4ng tin nh\u1ecf \u0111\u01b0\u1ee3c t\u1ea3i xu\u1ed1ng m\u00e1y t\u00ednh ho\u1eb7c thi\u1ebft b\u1ecb c\u1ee7a b\u1ea1n khi b\u1ea1n truy c\u1eadp Trang web c\u1ee7a ch\u00fang t\u00f4i. Ch\u00fang t\u00f4i s\u1eed d\u1ee5ng nhi\u1ec1u lo\u1ea1i cookie kh\u00e1c nhau, bao g\u1ed3m cookie ch\u1ee9c n\u0103ng, hi\u1ec7u su\u1ea5t, qu\u1ea3ng c\u00e1o v\u00e0 cookie c\u1ee7a m\u1ea1ng x\u00e3 h\u1ed9i ho\u1eb7c n\u1ed9i dung. Cookies gi\u00fap c\u1ea3i thi\u1ec7n tr\u1ea3i nghi\u1ec7m duy\u1ec7t web c\u1ee7a b\u1ea1n b\u1eb1ng c\u00e1ch cho ph\u00e9p website ghi nh\u1edb h\u00e0nh \u0111\u1ed9ng v\u00e0 s\u1edf th\u00edch c\u1ee7a b\u1ea1n (ch\u1eb3ng h\u1ea1n nh\u01b0 \u0111\u0103ng nh\u1eadp v\u00e0 l\u1ef1a ch\u1ecdn khu v\u1ef1c). \u0110i\u1ec1u n\u00e0y c\u00f3 ngh\u0129a l\u00e0 b\u1ea1n kh\u00f4ng c\u1ea7n ph\u1ea3i nh\u1eadp l\u1ea1i th\u00f4ng tin n\u00e0y m\u1ed7i l\u1ea7n quay l\u1ea1i trang web ho\u1eb7c duy\u1ec7t qua c\u00e1c trang kh\u00e1c nhau. Cookies c\u0169ng cung c\u1ea5p th\u00f4ng tin v\u1ec1 c\u00e1ch m\u1ecdi ng\u01b0\u1eddi s\u1eed d\u1ee5ng trang web, v\u00ed d\u1ee5 nh\u01b0 li\u1ec7u \u0111\u00e2y l\u00e0 l\u1ea7n \u0111\u1ea7u ti\u00ean h\u1ecd truy c\u1eadp hay n\u1ebfu h\u1ecd l\u00e0 ng\u01b0\u1eddi truy c\u1eadp th\u01b0\u1eddng xuy\u00ean.<\/em><\/p>\n<p data-start=\"8484\" data-end=\"8591\"><em>Ch\u00fang t\u00f4i s\u1eed d\u1ee5ng c\u00e1c cookie d\u01b0\u1edbi \u0111\u00e2y \u0111\u1ec3 t\u1ed1i \u01b0u h\u00f3a tr\u1ea3i nghi\u1ec7m c\u1ee7a b\u1ea1n tr\u00ean Trang web v\u00e0 cung c\u1ea5p d\u1ecbch v\u1ee5.<\/em><\/p>\n<p data-start=\"8593\" data-end=\"8641\"><strong data-start=\"8593\" data-end=\"8641\">Cookies c\u1ea7n thi\u1ebft:<\/strong><\/p>\n<ul>\n<li data-start=\"8643\" data-end=\"8740\">Name<\/li>\n<li data-start=\"8643\" data-end=\"8740\">Google analytics<\/li>\n<li data-start=\"8643\" data-end=\"8740\">_gid<\/li>\n<li data-start=\"8643\" data-end=\"8740\">lang<\/li>\n<li data-start=\"8643\" data-end=\"8740\">bcookie<\/li>\n<li data-start=\"8643\" data-end=\"8740\">lidc<\/li>\n<li data-start=\"8643\" data-end=\"8740\">UserMatchHistory<\/li>\n<li data-start=\"8643\" data-end=\"8740\">AnalyticsSyncHistory<\/li>\n<\/ul>\n<p data-start=\"0\" data-end=\"443\">Th\u1eddi gian m\u00e0 m\u1ed9t cookie t\u1ed3n t\u1ea1i tr\u00ean m\u00e1y t\u00ednh ho\u1eb7c thi\u1ebft b\u1ecb di \u0111\u1ed9ng c\u1ee7a b\u1ea1n ph\u1ee5 thu\u1ed9c v\u00e0o vi\u1ec7c \u0111\u00f3 l\u00e0 cookie \u201cd\u00e0i h\u1ea1n\u201d hay \u201cphi\u00ean l\u00e0m vi\u1ec7c\u201d. Cookies phi\u00ean l\u00e0m vi\u1ec7c s\u1ebd t\u1ed3n t\u1ea1i cho \u0111\u1ebfn khi b\u1ea1n d\u1eebng duy\u1ec7t web, trong khi cookies d\u00e0i h\u1ea1n s\u1ebd t\u1ed3n t\u1ea1i cho \u0111\u1ebfn khi h\u1ebft h\u1ea1n ho\u1eb7c b\u1ecb x\u00f3a. Ph\u1ea7n l\u1edbn c\u00e1c cookies ch\u00fang t\u00f4i s\u1eed d\u1ee5ng l\u00e0 cookies d\u00e0i h\u1ea1n v\u00e0 s\u1ebd h\u1ebft h\u1ea1n trong kho\u1ea3ng th\u1eddi gian t\u1eeb 30 ph\u00fat \u0111\u1ebfn hai n\u0103m k\u1ec3 t\u1eeb ng\u00e0y ch\u00fang \u0111\u01b0\u1ee3c t\u1ea3i xu\u1ed1ng thi\u1ebft b\u1ecb c\u1ee7a b\u1ea1n.<\/p>\n<p data-start=\"445\" data-end=\"675\">B\u1ea1n c\u00f3 th\u1ec3 ki\u1ec3m so\u00e1t v\u00e0 qu\u1ea3n l\u00fd cookies theo nhi\u1ec1u c\u00e1ch kh\u00e1c nhau. Xin l\u01b0u \u00fd r\u1eb1ng vi\u1ec7c x\u00f3a ho\u1eb7c ch\u1eb7n cookies c\u00f3 th\u1ec3 \u1ea3nh h\u01b0\u1edfng ti\u00eau c\u1ef1c \u0111\u1ebfn tr\u1ea3i nghi\u1ec7m ng\u01b0\u1eddi d\u00f9ng c\u1ee7a b\u1ea1n v\u00e0 m\u1ed9t s\u1ed1 ph\u1ea7n c\u1ee7a website c\u00f3 th\u1ec3 kh\u00f4ng c\u00f2n truy c\u1eadp \u0111\u1ea7y \u0111\u1ee7.<\/p>\n<p data-start=\"677\" data-end=\"894\">H\u1ea7u h\u1ebft c\u00e1c tr\u00ecnh duy\u1ec7t s\u1ebd t\u1ef1 \u0111\u1ed9ng ch\u1ea5p nh\u1eadn cookies, nh\u01b0ng b\u1ea1n c\u00f3 th\u1ec3 ch\u1ecdn ch\u1ea5p nh\u1eadn ho\u1eb7c kh\u00f4ng ch\u1ea5p nh\u1eadn cookies th\u00f4ng qua c\u00e1c c\u00e0i \u0111\u1eb7t c\u1ee7a tr\u00ecnh duy\u1ec7t, th\u01b0\u1eddng c\u00f3 trong menu \u201cC\u00f4ng c\u1ee5\u201d ho\u1eb7c \u201cT\u00f9y ch\u1ecdn\u201d c\u1ee7a tr\u00ecnh duy\u1ec7t.<\/p>\n<p data-start=\"896\" data-end=\"1218\" data-is-last-node=\"\" data-is-only-node=\"\">Ngo\u00e0i ra, xin l\u01b0u \u00fd r\u1eb1ng vi\u1ec7c ch\u1eb7n cookies c\u00f3 th\u1ec3 kh\u00f4ng ho\u00e0n to\u00e0n ng\u1eebng vi\u1ec7c ch\u00fang t\u00f4i chia s\u1ebb th\u00f4ng tin v\u1edbi c\u00e1c b\u00ean th\u1ee9 ba nh\u01b0 \u0111\u1ed1i t\u00e1c qu\u1ea3ng c\u00e1o c\u1ee7a ch\u00fang t\u00f4i. \u0110\u1ec3 th\u1ef1c hi\u1ec7n quy\u1ec1n c\u1ee7a b\u1ea1n ho\u1eb7c t\u1eeb ch\u1ed1i m\u1ed9t s\u1ed1 c\u00e1ch s\u1eed d\u1ee5ng th\u00f4ng tin c\u1ee7a b\u1ea1n b\u1edfi c\u00e1c b\u00ean n\u00e0y, vui l\u00f2ng l\u00e0m theo h\u01b0\u1edbng d\u1eabn trong ph\u1ea7n \u201cQu\u1ea3ng c\u00e1o h\u00e0nh vi\u201d \u1edf tr\u00ean.<\/p>\n<h3 data-start=\"8742\" data-end=\"8758\">Do Not Track<\/h3>\n<p data-start=\"8760\" data-end=\"8978\">Xin l\u01b0u \u00fd r\u1eb1ng v\u00ec kh\u00f4ng c\u00f3 hi\u1ec3u bi\u1ebft nh\u1ea5t qu\u00e1n trong ng\u00e0nh v\u1ec1 c\u00e1ch ph\u1ea3n h\u1ed3i t\u00edn hi\u1ec7u \u201cDo Not Track\u201d, ch\u00fang t\u00f4i kh\u00f4ng thay \u0111\u1ed5i c\u00e1c th\u1ef1c ti\u1ec5n thu th\u1eadp v\u00e0 s\u1eed d\u1ee5ng d\u1eef li\u1ec7u khi ph\u00e1t hi\u1ec7n t\u00edn hi\u1ec7u n\u00e0y t\u1eeb tr\u00ecnh duy\u1ec7t c\u1ee7a b\u1ea1n.<\/p>\n<h3 data-start=\"8980\" data-end=\"8992\">Thay \u0111\u1ed5i<\/h3>\n<p data-start=\"8994\" data-end=\"9189\">Ch\u00fang t\u00f4i c\u00f3 th\u1ec3 c\u1eadp nh\u1eadt Ch\u00ednh S\u00e1ch B\u1ea3o M\u1eadt n\u00e0y t\u1eeb th\u1eddi gian n\u00e0y sang th\u1eddi gian kh\u00e1c \u0111\u1ec3 ph\u1ea3n \u00e1nh, v\u00ed d\u1ee5, s\u1ef1 thay \u0111\u1ed5i trong th\u1ef1c ti\u1ec5n c\u1ee7a ch\u00fang t\u00f4i ho\u1eb7c v\u00ec l\u00fd do ho\u1ea1t \u0111\u1ed9ng, ph\u00e1p l\u00fd ho\u1eb7c quy \u0111\u1ecbnh.<\/p>\n<h3 data-start=\"9191\" data-end=\"9202\">Li\u00ean h\u1ec7<\/h3>\n<p data-start=\"9204\" data-end=\"9383\">\u0110\u1ec3 bi\u1ebft th\u00eam th\u00f4ng tin v\u1ec1 c\u00e1c ch\u00ednh s\u00e1ch b\u1ea3o m\u1eadt c\u1ee7a ch\u00fang t\u00f4i, n\u1ebfu b\u1ea1n c\u00f3 c\u00e2u h\u1ecfi, ho\u1eb7c n\u1ebfu b\u1ea1n mu\u1ed1n khi\u1ebfu n\u1ea1i, vui l\u00f2ng li\u00ean h\u1ec7 v\u1edbi ch\u00fang t\u00f4i qua email t\u1ea1i\u00a0<a href=\"mailto:info@greenfeed.com.vn\" rel=\"noopener\" data-start=\"9361\" data-end=\"9382\">info@greenfeed.com.vn<\/a><\/p>\n<p data-start=\"9385\" data-end=\"9424\"><strong data-start=\"9385\" data-end=\"9424\">C\u1eadp nh\u1eadt l\u1ea7n cu\u1ed1i:\u00a0<\/strong>Th\u00e1ng 1, 2026<\/p>\n","protected":false},"excerpt":{"rendered":"<p>Ch\u00ednh s\u00e1ch b\u1ea3o m\u1eadt n\u00e0y m\u00f4 t\u1ea3 c\u00e1ch th\u1ee9c\u00a0greenfeed.com.vn\u00a0(g\u1ecdi t\u1eaft l\u00e0 \u201cTrang web\u201d ho\u1eb7c \u201cch\u00fang t\u00f4i\u201d) thu th\u1eadp, s\u1eed d\u1ee5ng v\u00e0 chia s\u1ebb Th\u00f4ng Tin C\u00e1 Nh\u00e2n c\u1ee7a b\u1ea1n khi b\u1ea1n truy c\u1eadp ho\u1eb7c th\u1ef1c hi\u1ec7n li\u00ean h\u1ec7 t\u1eeb Trang web. 1. Thu th\u1eadp Th\u00f4ng Tin C\u00e1 Nh\u00e2n Khi b\u1ea1n truy c\u1eadp Trang web, ch\u00fang [&hellip;]<\/p>\n","protected":false},"author":1,"featured_media":0,"parent":0,"menu_order":0,"comment_status":"closed","ping_status":"closed","template":"","meta":{"footnotes":""},"class_list":["post-3","page","type-page","status-publish","hentry"],"lang":"vi","translations":{"vi":3,"en":4478},"pll_sync_post":[],"acf":[],"_links":{"self":[{"href":"https:\/\/www.greenfeed.com.vn\/thuc-an-chan-nuoi-gia-suc-gia-cam\/wp-json\/wp\/v2\/pages\/3","targetHints":{"allow":["GET"]}}],"collection":[{"href":"https:\/\/www.greenfeed.com.vn\/thuc-an-chan-nuoi-gia-suc-gia-cam\/wp-json\/wp\/v2\/pages"}],"about":[{"href":"https:\/\/www.greenfeed.com.vn\/thuc-an-chan-nuoi-gia-suc-gia-cam\/wp-json\/wp\/v2\/types\/page"}],"author":[{"embeddable":true,"href":"https:\/\/www.greenfeed.com.vn\/thuc-an-chan-nuoi-gia-suc-gia-cam\/wp-json\/wp\/v2\/users\/1"}],"replies":[{"embeddable":true,"href":"https:\/\/www.greenfeed.com.vn\/thuc-an-chan-nuoi-gia-suc-gia-cam\/wp-json\/wp\/v2\/comments?post=3"}],"version-history":[{"count":3,"href":"https:\/\/www.greenfeed.com.vn\/thuc-an-chan-nuoi-gia-suc-gia-cam\/wp-json\/wp\/v2\/pages\/3\/revisions"}],"predecessor-version":[{"id":5600,"href":"https:\/\/www.greenfeed.com.vn\/thuc-an-chan-nuoi-gia-suc-gia-cam\/wp-json\/wp\/v2\/pages\/3\/revisions\/5600"}],"wp:attachment":[{"href":"https:\/\/www.greenfeed.com.vn\/thuc-an-chan-nuoi-gia-suc-gia-cam\/wp-json\/wp\/v2\/media?parent=3"}],"curies":[{"name":"wp","href":"https:\/\/api.w.org\/{rel}","templated":true}]}}